hest common factor of 353686 and 21004?
178
What is the highest common divisor of 1407106 and 502?
502
Calculate the highest common factor of 11513 and 1764447.
29
What is the greatest common divisor of 106105578 and 1242?
138
What is the greatest common divisor of 1743 and 1825383?
21
What is the greatest common factor of 43984 and 20992?
16
What is the highest common divisor of 126 and 13849500?
42
What is the greatest common factor of 1161 and 62344539?
1161
What is the highest common factor of 10969 and 10707311?
1567
Calculate the greatest common divisor of 627 and 1058684.
11
Calculate the greatest common divisor of 11632866 and 16608.
1038
What is the greatest common factor of 430870352 and 3872?
1936
What is the greatest common factor of 1704 and 588590?
142
What is the greatest common divisor of 129 and 32418689?
43
What is the highest common factor of 9698 and 2908654?
746
What is the greatest common factor of 20 and 235958420?
20
What is the greatest common factor of 22484 and 869?
11
What is the greatest common factor of 4324 and 11309422?
2162
Calculate the greatest common factor of 240327 and 304704.
207
Calculate the greatest common divisor of 7412 and 28704823.
1853
Calculate the greatest common divisor of 18651750 and 42.
6
What is the greatest common factor of 145436342 and 24110?
4822
Calculate the highest common factor of 12878 and 5872094.
274
Calculate the highest common factor of 124312 and 39852.
164
What is the highest common factor of 95850184 and 24?
8
What is the greatest common factor of 4836 and 3578268?
372
What is the highest common divisor of 10849 and 6566500?
571
What is the greatest common factor of 1980758 and 4929246?
4118
Calculate the highest common factor of 53971 and 1240.
31
What is the greatest common divisor of 40977 and 14413?
29
Calculate the greatest common factor of 9591719 and 566.
283
What is the highest common divisor of 784103913 and 1197?
171
Calculate the highest common divisor of 19248640 and 119040.
1280
What is the greatest common factor of 2684 and 714676?
244
Calculate the greatest common divisor of 11248 and 1110037.
703
Calculate the highest common factor of 21869859 and 539.
11
What is the highest common divisor of 2601 and 1738539?
153
What is the highest common factor of 1701 and 3445470?
189
Calculate the highest common factor of 67243 and 2893.
11
Calculate the greatest common factor of 48360 and 5182320.
1560
Calculate the highest common factor of 73101 and 27158762.
3481
What is the greatest common factor of 14611659 and 9?
3
Calculate the highest common factor of 380244006 and 1179.
1179
Calculate the greatest common factor of 2480 and 20361296.
496
What is the highest common factor of 1052014 and 4244888?
2302
Calculate the greatest common factor of 580 and 128992.
116
What is the highest common divisor of 21034 and 1019174?
26
What is the highest common divisor of 1155 and 3151665?
165
Calculate the highest common divisor of 410 and 64340930.
10
What is the greatest common factor of 614544970 and 52?
26
Calculate the highest common divisor of 385964 and 16732.
188
What is the highest common divisor of 2287285 and 195?
65
What is the greatest common divisor of 1110225 and 165225?
75
Calculate the highest common divisor of 80544 and 226272.
96
What is the greatest common factor of 4029 and 60323531?
1343
Calculate the greatest common factor of 8589 and 84504.
21
Calculate the highest common divisor of 1677 and 4902.
129
What is the highest common factor of 275 and 3621585?
55
Calculate the highest common factor of 61506 and 3298.
34
Calculate the highest common factor of 158298 and 1806.
42
Calculate the highest common divisor of 248273 and 85994.
1387
What is the highest common divisor of 2082972 and 644?
92
Calculate the highest common divisor of 4882858 and 41554.
526
What is the highest common divisor of 101358650 and 450?
50
Calculate the highest common divisor of 207230 and 1204280.
3910
Calculate the greatest common divisor of 827318 and 54108.
334
Calculate the greatest common factor of 66215 and 167142240.
3895
What is the greatest common divisor of 19968 and 10890048?
2496
Calculate the highest common factor of 87468 and 5892.
12
Calculate the highest common divisor of 2120 and 11414504.
424
What is the greatest common factor of 301492 and 51680?
76
What is the greatest common divisor of 311446 and 30?
2
Calculate the greatest common factor of 1414701 and 567.
9
Calculate the greatest common factor of 2933494 and 1.
1
Calculate the greatest common divisor of 3501642 and 9210.
1842
What is the greatest common factor of 40 and 6212260?
20
Calculate the greatest common factor of 314343 and 16059.
159
Calculate the greatest common divisor of 149320164 and 276.
12
Calculate the greatest common factor of 240390512 and 32.
16
What is the greatest common factor of 136850 and 600530?
1610
What is the greatest common divisor of 315397 and 316998?
1601
Calculate the greatest common divisor of 99180335 and 6130.
3065
What is the highest common factor of 2346309 and 84?
21
What is the greatest common factor of 849 and 4051711?
283
Calculate the highest common factor of 109330 and 30550.
130
What is the highest common divisor of 144 and 2575968?
48
Calculate the highest common divisor of 86483145 and 15.
15
Calculate the greatest common factor of 6943061 and 1180.
59
Calculate the greatest common factor of 485856 and 159136.
32
Calculate the greatest common divisor of 12905247 and 177.
177
What is the greatest common divisor of 350703353 and 3927?
1309
Calculate the greatest common divisor of 1562 and 501898.
2
What is the greatest common divisor of 154717968 and 288?
48
Calculate the highest common divisor of 5325868 and 32.
4
What is the highest common factor of 774 and 13657488?
258
What is the highest common factor of 800 and 1249504?
32
What is the highest common factor of 1548372 and 996?
12
Calculate the greatest common divisor of 190574736 and 3201.
3201
What is the greatest common divisor of 167900 and 27010?
730
What is the greatest common factor of 694 and 891922207?
347
Calculate the highest common divisor of 134295 and 1680.
105
What is the greatest common factor of 10 and 659662?
2
Calculate the greatest common divisor of 98138 and 1614.
2
What is the highest common divisor of 8372 and 22070685?
2093
Calculate the greatest common factor of 18087297 and 342.
57
Calculate the highest common divisor of 20845127 and 64312.
8039
Calculate the greatest common factor of 454882 and 23786298.
5758
Calculate the greatest common divisor of 2669115 and 25145.
535
Calculate the highest common divisor of 41699136 and 480.
96
What is the highest common factor of 37 and 89728293?
37
Calculate the greatest common factor of 1246 and 189037513.
623
What is the highest common divisor of 1326 and 18478252?
442
What is the greatest common divisor of 290628 and 14604?
12
Calculate the greatest common factor of 20 and 113244480.
20
What is the greatest common factor of 7869 and 797736?
129
What is the greatest common divisor of 575588 and 3068?
52
What is the highest common factor of 1445101 and 30401?
301
What is the highest common factor of 56 and 18315199?
7
What is the greatest common divisor of 490056 and 714?
42
Calculate the highest common divisor of 4422 and 117326.
22
Calculate the highest common factor of 1444 and 15961140.
76
Calculate the greatest common divisor of 14820 and 213970.
10
Calculate the greatest common divisor of 63 and 178411989.
21
Calculate the highest common factor of 4596052 and 272.
68
Calculate the highest common divisor of 62553 and 3008721.
87
What is the highest common factor of 240 and 255675?
15
Calculate the highest common divisor of 126 and 1773090.
18
What is the highest common factor of 5265 and 965115?
405
What is the highest common divisor of 159668 and 85409?
223
What is the greatest common divisor of 3936576 and 189?
21
Calculate the greatest common divisor of 64 and 1261584.
16
Calculate the highest common factor of 70299 and 427561.
73
Calculate the greatest common factor of 65026 and 1363414.
1066
What is the highest common factor of 17160 and 23152272?
3432
Calculate the highest common factor of 19825 and 100955.
305
Calculate the high